{"id":5,"date":"2020-01-13T11:17:52","date_gmt":"2020-01-13T11:17:52","guid":{"rendered":"https:\/\/demosites.io\/marketing-agency-gb\/?page_id=5"},"modified":"2026-04-10T23:04:02","modified_gmt":"2026-04-10T21:04:02","slug":"omne","status":"publish","type":"page","link":"https:\/\/www.danielklimek.cz\/","title":{"rendered":"O mn\u011b"},"content":{"rendered":"\n<div id=\"intro-animation\">\n  <div class=\"logo-container\" id=\"logo\">\n    <div class=\"logo-half left\"><\/div>\n    <div class=\"logo-half right\"><\/div>\n  <\/div>\n<\/div>\n\n<script>\nwindow.addEventListener(\"load\", function(){\n\n\/\/ pokud u\u017e animace prob\u011bhla \u2192 skryj ji hned\nif (sessionStorage.getItem(\"introPlayed\")) {\ndocument.getElementById(\"intro-animation\").style.display = \"none\";\nreturn;\n}\n\n\/\/ ulo\u017e\u00edme, \u017ee u\u017e prob\u011bhla\nsessionStorage.setItem(\"introPlayed\", \"true\");\n\n\/\/ animace\nsetTimeout(function(){\ndocument.getElementById(\"logo\").classList.add(\"split\");\n},2500);\n\nsetTimeout(function(){\ndocument.getElementById(\"intro-animation\").style.display=\"none\";\n},3500);\n\n});\n<\/script>\n\n\n\n<div class=\"wp-block-cover alignfull wp-duotone-midnight\" style=\"border-style:none;border-width:0px;border-top-left-radius:0px;border-top-right-radius:0px;border-bottom-left-radius:0px;border-bottom-right-radius:0px;min-height:800px;aspect-ratio:unset;\"><img loading=\"lazy\" decoding=\"async\" width=\"1640\" height=\"922\" class=\"wp-block-cover__image-background wp-image-608\" alt=\"\" src=\"http:\/\/www.danielklimek.cz\/wp-content\/uploads\/2024\/05\/neve-hero-2.png\" style=\"object-position:50% 72%\" data-object-fit=\"cover\" data-object-position=\"50% 72%\" srcset=\"https:\/\/www.danielklimek.cz\/wp-content\/uploads\/2024\/05\/neve-hero-2.png 1640w, https:\/\/www.danielklimek.cz\/wp-content\/uploads\/2024\/05\/neve-hero-2-300x169.png 300w\" sizes=\"auto, (max-width: 1640px) 100vw, 1640px\" \/><span aria-hidden=\"true\" class=\"wp-block-cover__background has-background-dim-0 has-background-dim\"><\/span><div class=\"wp-block-cover__inner-container is-layout-flow wp-block-cover-is-layout-flow\">\n<div class=\"wp-block-columns are-vertically-aligned-center is-layout-flex wp-container-core-columns-is-layout-9d6595d7 wp-block-columns-is-layout-flex\">\n<div class=\"wp-block-column is-vertically-aligned-center is-layout-flow wp-block-column-is-layout-flow\" style=\"padding-right:var(--wp--preset--spacing--20);padding-left:var(--wp--preset--spacing--20);flex-basis:65%\">\n<div style=\"height:80px\" aria-hidden=\"true\" class=\"wp-block-spacer\"><\/div>\n\n\n\n<h1 class=\"wp-block-heading has-text-align-left has-text-color\" style=\"color:#d0b804\">Finance bez kompromis\u016f.<\/h1>\n\n\n\n<p class=\"has-text-align-left has-nv-text-dark-bg-color has-text-color\" style=\"padding-right:var(--wp--preset--spacing--40);padding-left:var(--wp--preset--spacing--40);font-size:19px\">Nejsem zam\u011bstnanec banky. Nejsem v\u00e1zan\u00fd na jednu poji\u0161\u0165ovnu. Porovn\u00e1m cel\u00fd trh a doporu\u010d\u00edm to nejlep\u0161\u00ed \u0159e\u0161en\u00ed  pro v\u00e1s, ne pro instituci.<\/p>\n\n\n\n<div class=\"wp-block-buttons is-horizontal is-content-justification-left is-layout-flex wp-container-core-buttons-is-layout-7e5fce0a wp-block-buttons-is-layout-flex\">\n<div class=\"wp-block-button is-style-secondary\"><a class=\"wp-block-button__link has-nv-text-dark-bg-color has-text-color has-link-color wp-element-button\" href=\"https:\/\/www.danielklimek.cz\/?page_id=75\">Bezplatn\u00e1 konzultace<\/a><\/div>\n<\/div>\n\n\n\n<div style=\"height:100px\" aria-hidden=\"true\" class=\"wp-block-spacer\"><\/div>\n<\/div>\n\n\n\n<div class=\"wp-block-column is-vertically-aligned-center is-layout-flow wp-block-column-is-layout-flow\">\n<figure class=\"wp-block-image size-full\"><img loading=\"lazy\" decoding=\"async\" width=\"1020\" height=\"1458\" src=\"http:\/\/www.danielklimek.cz\/wp-content\/uploads\/2024\/05\/person-hero-2.png\" alt=\"\" class=\"wp-image-868\" srcset=\"https:\/\/www.danielklimek.cz\/wp-content\/uploads\/2024\/05\/person-hero-2.png 1020w, https:\/\/www.danielklimek.cz\/wp-content\/uploads\/2024\/05\/person-hero-2-210x300.png 210w\" sizes=\"auto, (max-width: 1020px) 100vw, 1020px\" \/><\/figure>\n<\/div>\n<\/div>\n<\/div><\/div>\n\n\n\n<div style=\"height:44px\" aria-hidden=\"true\" class=\"wp-block-spacer\"><\/div>\n\n\n\n<h2 class=\"wp-block-heading alignwide has-text-align-center has-nv-dark-bg-color has-text-color has-link-color wp-elements-53fbb3e343000076ed0562f7e24c6e1a\">Jak prob\u00edh\u00e1 spolupr\u00e1ce<\/h2>\n\n\n\n<div class=\"wp-block-group animated backInUp\" style=\"padding-top:var(--wp--preset--spacing--50);padding-bottom:var(--wp--preset--spacing--50)\"><div class=\"wp-block-group__inner-container is-layout-constrained wp-block-group-is-layout-constrained\">\n<div class=\"wp-block-columns is-layout-flex wp-container-core-columns-is-layout-9d6595d7 wp-block-columns-is-layout-flex\">\n<div class=\"wp-block-column neve-duotone is-layout-flow wp-block-column-is-layout-flow\" style=\"padding-right:var(--wp--preset--spacing--30);padding-left:var(--wp--preset--spacing--30)\"><div class=\"wp-block-image icon-style is-style-default wp-duotone-unset-1\">\n<figure class=\"aligncenter size-full is-resized has-custom-border\"><img loading=\"lazy\" decoding=\"async\" width=\"73\" height=\"72\" src=\"http:\/\/www.danielklimek.cz\/wp-content\/uploads\/2024\/07\/neve-marketing-icon-13.png\" alt=\"\" class=\"wp-image-943\" style=\"border-radius:0px;width:61px;height:auto\" title=\"\"\/><\/figure>\n<\/div>\n\n\n<div style=\"height:16px\" aria-hidden=\"true\" class=\"wp-block-spacer\"><\/div>\n\n\n\n<h3 class=\"wp-block-heading has-text-align-center has-neve-text-color-color has-text-color\">Bezplatn\u00e1 konzultace<\/h3>\n\n\n\n<p class=\"has-text-align-center\">Zavol\u00e1me si nebo se setk\u00e1me \u2014 online nebo osobn\u011b. \u017d\u00e1dn\u00e9 z\u00e1vazky, \u017e\u00e1dn\u00e9 poplatky.<\/p>\n<\/div>\n\n\n\n<div class=\"wp-block-column is-layout-flow wp-block-column-is-layout-flow\" style=\"padding-right:var(--wp--preset--spacing--30);padding-left:var(--wp--preset--spacing--30)\"><div class=\"wp-block-image icon-style is-style-default\">\n<figure class=\"aligncenter size-full has-custom-border\"><img loading=\"lazy\" decoding=\"async\" width=\"60\" height=\"60\" src=\"http:\/\/www.danielklimek.cz\/wp-content\/uploads\/2024\/07\/neve-marketing-icon-10.png\" alt=\"\" class=\"wp-image-936\" style=\"border-radius:0px\" title=\"\"\/><\/figure>\n<\/div>\n\n\n<div style=\"height:16px\" aria-hidden=\"true\" class=\"wp-block-spacer\"><\/div>\n\n\n\n<h3 class=\"wp-block-heading has-text-align-center has-neve-text-color-color has-text-color\">Anal\u00fdza a nez\u00e1visl\u00e9 srovn\u00e1n\u00ed<\/h3>\n\n\n\n<p class=\"has-text-align-center\">Provedu re\u0161er\u0161i cel\u00e9ho trhu. Konkr\u00e9tn\u00ed srovn\u00e1n\u00ed s \u010d\u00edsly a doporu\u010den\u00edm.<\/p>\n<\/div>\n\n\n\n<div class=\"wp-block-column is-layout-flow wp-block-column-is-layout-flow\" style=\"padding-right:var(--wp--preset--spacing--30);padding-left:var(--wp--preset--spacing--30)\"><div class=\"wp-block-image icon-style is-style-default wp-duotone-unset-2\">\n<figure class=\"aligncenter size-full has-custom-border\"><img loading=\"lazy\" decoding=\"async\" width=\"60\" height=\"60\" src=\"http:\/\/www.danielklimek.cz\/wp-content\/uploads\/2024\/07\/neve-marketing-icon-9.png\" alt=\"\" class=\"wp-image-935\" style=\"border-radius:0px\" title=\"\"\/><\/figure>\n<\/div>\n\n\n<div style=\"height:16px\" aria-hidden=\"true\" class=\"wp-block-spacer\"><\/div>\n\n\n\n<h3 class=\"wp-block-heading has-text-align-center has-neve-text-color-color has-text-color\">N\u00e1vrh \u0159e\u0161en\u00ed na m\u00edr\u016f<\/h3>\n\n\n\n<p class=\"has-text-align-center\">Vytvo\u0159\u00edm p\u0159ehledn\u00fd finan\u010dn\u00ed pl\u00e1n na m\u00edru a pomohu v\u00e1m pochopit ka\u017ed\u00e9 rozhodnut\u00ed.<\/p>\n<\/div>\n\n\n\n<div class=\"wp-block-column is-layout-flow wp-block-column-is-layout-flow\" style=\"padding-right:var(--wp--preset--spacing--30);padding-left:var(--wp--preset--spacing--30)\"><div class=\"wp-block-image icon-style is-style-default wp-duotone-unset-3\">\n<figure class=\"aligncenter size-full is-resized has-custom-border\"><img loading=\"lazy\" decoding=\"async\" width=\"60\" height=\"60\" src=\"http:\/\/www.danielklimek.cz\/wp-content\/uploads\/2024\/07\/neve-marketing-icon-8.1.png\" alt=\"\" class=\"wp-image-937\" style=\"border-radius:0px;width:60px;height:auto\" title=\"\"\/><\/figure>\n<\/div>\n\n\n<div style=\"height:16px\" aria-hidden=\"true\" class=\"wp-block-spacer\"><\/div>\n\n\n\n<h3 class=\"wp-block-heading has-text-align-center has-neve-text-color-color has-text-color\">Realizace a dlouhodob\u00e1 p\u00e9\u010de<\/h3>\n\n\n\n<p class=\"has-text-align-center\">Pomohu s uzav\u0159en\u00edm smlouvy i n\u00e1sledn\u00fdmi zm\u011bnami. Sleduji trh a informuji v\u00e1s o lep\u0161\u00edch mo\u017enostech.<\/p>\n<\/div>\n<\/div>\n<\/div><\/div>\n\n\n\n<div class=\"wp-block-cover alignfull has-nv-site-bg-color has-text-color has-link-color wp-elements-ea03a18e1051bb83538cd126cd793015 wp-duotone-unset-4\" style=\"padding-top:var(--wp--preset--spacing--80);padding-bottom:var(--wp--preset--spacing--80);min-height:600px;aspect-ratio:unset;\"><span aria-hidden=\"true\" class=\"wp-block-cover__background has-background-dim-100 has-background-dim has-background-gradient\" style=\"background:linear-gradient(133deg,rgb(10,15,31) 0%,rgb(23,31,46) 50%,rgb(10,15,31) 100%)\"><\/span><div class=\"wp-block-cover__inner-container is-layout-flow wp-block-cover-is-layout-flow\">\n<div id=\"wp-block-themeisle-blocks-advanced-columns-35825447\" class=\"wp-block-themeisle-blocks-advanced-columns alignfull has-2-columns has-desktop-equal-layout has-tablet-equal-layout has-mobile-collapsedRows-layout has-vertical-center ticss-c00aadba\"><div class=\"wp-block-themeisle-blocks-advanced-columns-overlay\"><\/div><div class=\"innerblocks-wrap\">\n<div id=\"wp-block-themeisle-blocks-advanced-column-fedc9d47\" class=\"wp-block-themeisle-blocks-advanced-column\">\n<figure class=\"wp-block-image size-full has-custom-border is-style-default animated backInLeft\"><img loading=\"lazy\" decoding=\"async\" width=\"1440\" height=\"1800\" src=\"http:\/\/www.danielklimek.cz\/wp-content\/uploads\/2026\/03\/daniel.jpg\" alt=\"daniel klimek finan\u010dn\u00ed poradenstv\u00ed\" class=\"wp-image-1014\" style=\"border-style:none;border-width:0px;border-top-left-radius:68px;border-top-right-radius:68px;border-bottom-left-radius:68px;border-bottom-right-radius:68px\" srcset=\"https:\/\/www.danielklimek.cz\/wp-content\/uploads\/2026\/03\/daniel.jpg 1440w, https:\/\/www.danielklimek.cz\/wp-content\/uploads\/2026\/03\/daniel-240x300.jpg 240w, https:\/\/www.danielklimek.cz\/wp-content\/uploads\/2026\/03\/daniel-819x1024.jpg 819w, https:\/\/www.danielklimek.cz\/wp-content\/uploads\/2026\/03\/daniel-768x960.jpg 768w, https:\/\/www.danielklimek.cz\/wp-content\/uploads\/2026\/03\/daniel-1229x1536.jpg 1229w\" sizes=\"auto, (max-width: 1440px) 100vw, 1440px\" \/><\/figure>\n<\/div>\n\n\n\n<div id=\"wp-block-themeisle-blocks-advanced-column-ed1b12ac\" class=\"wp-block-themeisle-blocks-advanced-column animated backInRight\">\n<h2 id=\"wp-block-themeisle-blocks-advanced-heading-8f3ca166\" class=\"wp-block-themeisle-blocks-advanced-heading wp-block-themeisle-blocks-advanced-heading-8f3ca166\"><br>  Dobr\u00fd den, jsem <span class=\"gold-text\">Daniel<\/span><br><\/h2>\n\n\n\n<p class=\"has-nv-site-bg-color has-text-color has-link-color wp-elements-5acd70cd2cf2d809afb63fb20385f3d5\">V oboru pracuji p\u011bt let a za tu dobu jsem pomohl des\u00edtk\u00e1m klient\u016f vy\u0159e\u0161it hypot\u00e9ky, investice, poji\u0161t\u011bn\u00ed i zd\u00e1nliv\u011b ne\u0159e\u0161iteln\u00e9 situace.<\/p>\n\n\n\n<p class=\"has-nv-site-bg-color has-text-color has-link-color wp-elements-d5191e8620855bff51ad099acf0d32bb\">Rozhodl jsem se pracovat jako nez\u00e1visl\u00fd poradce z jednoho d\u016fvodu. Chci m\u00edt mo\u017enost \u0159\u00edct klientovi pravdu. Nezastupuji \u017e\u00e1dnou banku ani poji\u0161\u0165ovnu, zastupuji v\u00fdhradn\u011b sv\u00e9 klienty.<\/p>\n\n\n\n<p class=\"has-nv-site-bg-color has-text-color has-link-color wp-elements-e8c22732fa0e0551749e40db7563c85b\">Doj\u00ed\u017ed\u00edm za klienty po cel\u00e9 \u010cesk\u00e9 republice. Sch\u00e1z\u00edme se osobn\u011b, nebo online, jak komu vyhovuje.<\/p>\n\n\n\n<div class=\"wp-block-group is-horizontal is-nowrap is-layout-flex wp-container-core-group-is-layout-41b81202 wp-block-group-is-layout-flex\">\n<div id=\"wp-block-themeisle-blocks-progress-bar-b4d63408\" data-percentage=\"100\" data-duration=\"2\" data-height=\"120\" data-stroke-width=\"10\" data-font-size-percent=\"21\" data-background-stroke=\"var(--nv-site-bg)\" data-progress-stroke=\"#958f0b\" class=\"wp-block-themeisle-blocks-circle-counter\"><div class=\"wp-block-themeisle-blocks-circle-counter-title__area\"><span class=\"wp-block-themeisle-blocks-circle-counter-title__value\">Profesionalita<\/span><\/div><div class=\"wp-block-themeisle-blocks-circle-counter__bar\"><\/div><\/div>\n\n\n\n<div id=\"wp-block-themeisle-blocks-circle-counter-b7e2450f\" data-percentage=\"100\" data-duration=\"2\" data-height=\"120\" data-stroke-width=\"10\" data-font-size-percent=\"21\" data-background-stroke=\"#ffffff\" data-progress-stroke=\"#958f0b\" class=\"wp-block-themeisle-blocks-circle-counter\"><div class=\"wp-block-themeisle-blocks-circle-counter-title__area\"><span class=\"wp-block-themeisle-blocks-circle-counter-title__value\">Diskr\u00e9tnost<\/span><\/div><div class=\"wp-block-themeisle-blocks-circle-counter__bar\"><\/div><\/div>\n\n\n\n<div id=\"wp-block-themeisle-blocks-circle-counter-20f49aa6\" data-percentage=\"100\" data-duration=\"2\" data-height=\"120\" data-stroke-width=\"10\" data-font-size-percent=\"21\" data-background-stroke=\"#ffffff\" data-progress-stroke=\"#958f0b\" class=\"wp-block-themeisle-blocks-circle-counter\"><div class=\"wp-block-themeisle-blocks-circle-counter-title__area\"><span class=\"wp-block-themeisle-blocks-circle-counter-title__value\">Transparentnost<\/span><\/div><div class=\"wp-block-themeisle-blocks-circle-counter__bar\"><\/div><\/div>\n\n\n\n<div id=\"wp-block-themeisle-blocks-progress-bar-d620fe76\" data-percentage=\"100\" data-duration=\"2\" data-height=\"120\" data-stroke-width=\"10\" data-font-size-percent=\"21\" data-background-stroke=\"#ffffff\" data-progress-stroke=\"#958f0b\" class=\"wp-block-themeisle-blocks-circle-counter\"><div class=\"wp-block-themeisle-blocks-circle-counter-title__area\"><span class=\"wp-block-themeisle-blocks-circle-counter-title__value\">Nez\u00e1vislost<\/span><\/div><div class=\"wp-block-themeisle-blocks-circle-counter__bar\"><\/div><\/div>\n<\/div>\n\n\n\n<div style=\"height:32px\" aria-hidden=\"true\" class=\"wp-block-spacer\"><\/div>\n\n\n\n<div id=\"wp-block-themeisle-blocks-button-group-f97af94f\" class=\"wp-block-themeisle-blocks-button-group wp-block-buttons align-center-desktop\">\n<div id=\"wp-block-themeisle-blocks-button-9c439fa1\" class=\"wp-block-themeisle-blocks-button wp-block-button\"><a href=\"https:\/\/www.danielklimek.cz\/?page_id=1091\" target=\"_self\" rel=\"noopener noreferrer\" class=\"wp-block-button__link\"><span>Slu\u017eby<\/span><\/a><\/div>\n\n\n\n<div id=\"wp-block-themeisle-blocks-button-5fdc1b76\" class=\"wp-block-themeisle-blocks-button wp-block-button\"><a href=\"https:\/\/www.danielklimek.cz\/?page_id=75\" target=\"_self\" rel=\"noopener noreferrer\" class=\"wp-block-button__link\"><span>Kontakt<\/span><\/a><\/div>\n\n\n\n<div id=\"wp-block-themeisle-blocks-button-66321488\" class=\"wp-block-themeisle-blocks-button wp-block-button\"><a href=\"https:\/\/www.danielklimek.cz\/?page_id=948\" target=\"_self\" rel=\"noopener noreferrer\" class=\"wp-block-button__link\"><span>Refenrece<\/span><\/a><\/div>\n<\/div>\n<\/div>\n<\/div><\/div>\n<\/div><\/div>\n\n\n\n<div style=\"height:47px\" aria-hidden=\"true\" class=\"wp-block-spacer\"><\/div>\n\n\n\n<div style=\"height:43px\" aria-hidden=\"true\" class=\"wp-block-spacer\"><\/div>\n\n\n\n<p><\/p>\n","protected":false},"excerpt":{"rendered":"<p>Jak prob\u00edh\u00e1 spolupr\u00e1ce Bezplatn\u00e1 konzultace Zavol\u00e1me si nebo se setk\u00e1me \u2014 online nebo osobn\u011b. \u017d\u00e1dn\u00e9 z\u00e1vazky, \u017e\u00e1dn\u00e9 poplatky. Anal\u00fdza a nez\u00e1visl\u00e9 srovn\u00e1n\u00ed Provedu re\u0161er\u0161i cel\u00e9ho trhu. Konkr\u00e9tn\u00ed srovn\u00e1n\u00ed s \u010d\u00edsly a doporu\u010den\u00edm. N\u00e1vrh \u0159e\u0161en\u00ed na m\u00edr\u016f Vytvo\u0159\u00edm p\u0159ehledn\u00fd finan\u010dn\u00ed pl\u00e1n na m\u00edru a pomohu v\u00e1m pochopit ka\u017ed\u00e9 rozhodnut\u00ed. Realizace a dlouhodob\u00e1 p\u00e9\u010de Pomohu s uzav\u0159en\u00edm&hellip;&nbsp;<\/p>\n","protected":false},"author":1,"featured_media":751,"parent":0,"menu_order":0,"comment_status":"closed","ping_status":"closed","template":"","meta":{"neve_meta_sidebar":"default","neve_meta_container":"default","neve_meta_enable_content_width":"on","neve_meta_content_width":100,"neve_meta_title_alignment":"","neve_meta_author_avatar":"","neve_post_elements_order":"","neve_meta_disable_header":"","neve_meta_disable_footer":"","neve_meta_disable_title":"on","_themeisle_gutenberg_block_has_review":false,"footnotes":""},"class_list":["post-5","page","type-page","status-publish","has-post-thumbnail","hentry"],"_links":{"self":[{"href":"https:\/\/www.danielklimek.cz\/index.php?rest_route=\/wp\/v2\/pages\/5","targetHints":{"allow":["GET"]}}],"collection":[{"href":"https:\/\/www.danielklimek.cz\/index.php?rest_route=\/wp\/v2\/pages"}],"about":[{"href":"https:\/\/www.danielklimek.cz\/index.php?rest_route=\/wp\/v2\/types\/page"}],"author":[{"embeddable":true,"href":"https:\/\/www.danielklimek.cz\/index.php?rest_route=\/wp\/v2\/users\/1"}],"replies":[{"embeddable":true,"href":"https:\/\/www.danielklimek.cz\/index.php?rest_route=%2Fwp%2Fv2%2Fcomments&post=5"}],"version-history":[{"count":71,"href":"https:\/\/www.danielklimek.cz\/index.php?rest_route=\/wp\/v2\/pages\/5\/revisions"}],"predecessor-version":[{"id":1204,"href":"https:\/\/www.danielklimek.cz\/index.php?rest_route=\/wp\/v2\/pages\/5\/revisions\/1204"}],"wp:featuredmedia":[{"embeddable":true,"href":"https:\/\/www.danielklimek.cz\/index.php?rest_route=\/wp\/v2\/media\/751"}],"wp:attachment":[{"href":"https:\/\/www.danielklimek.cz\/index.php?rest_route=%2Fwp%2Fv2%2Fmedia&parent=5"}],"curies":[{"name":"wp","href":"https:\/\/api.w.org\/{rel}","templated":true}]}}